What is the greatest common divisor of 16 and 8534108?
4
What is the greatest common factor of 1119888 and 28644?
924
Calculate the highest common factor of 785680 and 11536.
112
What is the highest common divisor of 49800 and 2392200?
600
What is the highest common factor of 7 and 21371000?
7
Calculate the highest common factor of 246 and 1229918.
82
Calculate the greatest common factor of 117075488 and 1546.
1546
What is the greatest common factor of 3996459 and 6?
3
What is the highest common divisor of 36354 and 267924?
498
Calculate the greatest common factor of 3390 and 2441580.
30
What is the highest common factor of 13 and 1103950627?
13
What is the greatest common factor of 31742830 and 35?
35
Calculate the highest common divisor of 19514958 and 12.
6
Calculate the highest common divisor of 50 and 65809165.
5
What is the greatest common divisor of 60 and 10063455?
15
Calculate the greatest common divisor of 148533374 and 264.
22
What is the highest common factor of 1600591 and 306043?
463
What is the greatest common divisor of 291792 and 624?
48
What is the greatest common factor of 143548 and 148138?
34
Calculate the greatest common factor of 100 and 12770160.
20
Calculate the greatest common divisor of 69832 and 129456488.
2408
Calculate the greatest common divisor of 769056 and 17400.
24
What is the highest common divisor of 12 and 4905480?
12
What is the highest common factor of 107893380 and 3500?
140
Calculate the greatest common divisor of 307346 and 26000.
26
Calculate the greatest common factor of 2261 and 457793.
119
What is the greatest common factor of 1059755 and 125297?
1171
What is the greatest common divisor of 299650638 and 707?
707
Calculate the highest common divisor of 365872 and 1424.
16
What is the highest common divisor of 192 and 1563389472?
96
Calculate the highest common factor of 128244460 and 71.
71
What is the greatest common factor of 6517909 and 13?
1
Calculate the greatest common factor of 1877023 and 7.
1
What is the greatest common factor of 18 and 191641347?
9
Calculate the greatest common factor of 54 and 28358235.
27
What is the highest common factor of 1830 and 142470?
30
Calculate the highest common factor of 917405 and 357459.
731
Calculate the greatest common divisor of 13485 and 5126098.
899
Calculate the highest common factor of 19964987 and 781.
71
What is the greatest common factor of 357786 and 297?
99
Calculate the highest common factor of 175360 and 340.
20
Calculate the greatest common divisor of 2455610 and 860.
10
What is the highest common factor of 1829 and 85219?
31
What is the highest common divisor of 260 and 1753533080?
260
What is the greatest common factor of 35784125 and 2470?
1235
What is the highest common divisor of 293 and 2101054069?
293
What is the greatest common divisor of 78614536 and 260?
52
Calculate the greatest common factor of 1977506855 and 365.
365
What is the highest common factor of 27679 and 11948309?
311
Calculate the highest common factor of 304168401 and 9.
9
What is the highest common factor of 864 and 64614564?
108
Calculate the highest common divisor of 241871 and 104095.
109
What is the greatest common divisor of 83012558 and 116?
58
What is the highest common factor of 1634235389 and 8549?
8549
Calculate the greatest common factor of 254524 and 33592.
1292
Calculate the greatest common divisor of 908768 and 92624.
112
What is the greatest common divisor of 11842160 and 2420?
220
Calculate the greatest common factor of 176622745 and 4225.
845
Calculate the highest common divisor of 645171 and 380789.
1973
Calculate the highest common divisor of 964257 and 128265.
51
What is the highest common divisor of 35409237 and 309?
309
What is the greatest common divisor of 17604 and 893892?
1956
Calculate the highest common divisor of 52489682 and 98.
98
Calculate the highest common factor of 39 and 106508181.
39
What is the highest common factor of 1219927 and 3589?
37
Calculate the greatest common factor of 886880 and 280.
40
What is the highest common factor of 623385 and 54495?
315
Calculate the greatest common factor of 21543171 and 93.
93
What is the highest common divisor of 48833782 and 4499?
409
What is the highest common factor of 930701 and 121747?
577
Calculate the highest common factor of 2176 and 340476.
68
What is the greatest common divisor of 3 and 147628983?
3
Calculate the greatest common factor of 2490 and 2693610.
30
What is the greatest common divisor of 12909400 and 23800?
1400
Calculate the highest common factor of 302311 and 4556.
17
Calculate the greatest common factor of 205719 and 14241.
141
What is the highest common factor of 63990 and 22610?
10
Calculate the highest common factor of 41836345 and 140.
5
What is the highest common divisor of 52626 and 22995?
21
Calculate the highest common factor of 192 and 198587616.
96
What is the highest common divisor of 80531 and 213609?
11
What is the highest common divisor of 45820 and 471472?
316
Calculate the greatest common factor of 251780137 and 35455.
7091
Calculate the greatest common divisor of 37194828 and 3526.
86
Calculate the greatest common factor of 107648338 and 133.
133
What is the greatest common divisor of 173719 and 4876?
23
What is the highest common factor of 64 and 3431776?
32
What is the greatest common factor of 40 and 173765630?
10
What is the highest common factor of 1323187777 and 1433?
1433
Calculate the highest common divisor of 336277842 and 7346.
7346
Calculate the highest common divisor of 445909 and 6014.
97
Calculate the highest common divisor of 14 and 10179022.
14
Calculate the highest common divisor of 28967823 and 927.
927
What is the highest common divisor of 8235786 and 2550?
102
What is the highest common divisor of 6050620 and 68?
4
What is the greatest common factor of 1070 and 3945710?
10
Calculate the greatest common divisor of 1517824 and 179200.
1792
Calculate the greatest common divisor of 153522 and 3474.
18
What is the highest common divisor of 649 and 33369043?
59
What is the greatest common factor of 14230284 and 828?
276
Calculate the greatest common divisor of 56057761 and 536.
67
What is the highest common factor of 108 and 8629524?
108
Calculate the greatest common divisor of 19241682 and 7539.
1077
Calculate the highest common divisor of 360113 and 2197.
13
Calculate the greatest common factor of 941316 and 2085108.
564
Calculate the highest common factor of 9898460 and 491462.
6922
What is the highest common factor of 240 and 1085865?
15
What is the greatest common divisor of 41827 and 14755720?
151
What is the greatest common divisor of 675892 and 234724?
2828
What is the greatest common factor of 57197 and 11683?
7
Calculate the highest common factor of 83270345 and 395.
395
Calculate the highest common factor of 23 and 1910771.
23
Calculate the highest common divisor of 65126724 and 624.
156
What is the highest common factor of 176 and 115399900?
44
Calculate the highest common factor of 8 and 95293496.
8
What is the greatest common divisor of 13327148 and 415152?
3844
What is the highest common divisor of 1151453 and 47?
47
Calculate the highest common divisor of 32 and 2967024.
16
What is the greatest common factor of 6334731 and 49725?
117
Calculate the greatest common factor of 34 and 609382.
34
What is the highest common factor of 2719512 and 156006?
1926
What is the greatest common factor of 26121254 and 2792?
698
Calculate the highest common divisor of 740 and 48402290.
370
What is the highest common factor of 12154 and 48203?
59
Calculate the highest common factor of 9910 and 111739214.
1982
What is the highest common divisor of 1065330 and 1005522?
3738
Calculate the highest common divisor of 54440931 and 7521.
69
Calculate the highest common factor of 4051281 and 2847.
2847
What is the greatest common factor of 484237159 and 98?
49
What is the highest common factor of 618318 and 76554?
18
Calculate the greatest common divisor of 12274410 and 270.
30
Calculate the greatest common factor of 5884560 and 4464.
144
What is the highest common factor of 285 and 125236885?
95
What is the greatest common divisor of 1210869 and 54360?
1359
What is the highest common factor of 5390 and 1109474905?
2695
Calculate the greatest co